2. What is the remainder when h(4) is divided by 55?
52
Let i(d) be the first derivative of -d**2 - 2*d - 28. Calculate the remainder when 37 is divided by i(-6).
7
Suppose -3*m + 2 + 19 = 0. Let y(h) = h**2 + 7*h + 13. Calculate the remainder when y(m) is divided by 28.
27
Let s be 4 + -4 + 1 + 6. What is the remainder when 24 is divided by 94/14 + 2/s?
3
Let q = -173 + 180. Calculate the remainder when 272 is divided by q.
6
Let m be 1 - -8 - (-27)/(-9). Let u be (9/m)/(5/190). Let b = u + 12. What is the remainder when b is divided by 12?
9
Suppose -6*o + w = -2*o - 85, -75 = -4*o - w. Let a(y) = y**3 - 18*y**2 + 27*y + 86. What is the remainder when o is divided by a(16)?
2
Suppose -4*x + 109 = -i, 165 = 4*x - 4*i + 65. Calculate the remainder when 587 is divided by x.
27
Let g(h) = 46*h**2 - 5*h - 7. What is the remainder when 1890 is divided by g(-1)?
42
Let l = 410 - 370. Let r(d) = d**2 + 12*d + 10. Calculate the remainder when l is divided by r(-13).
17
Let j(v) = -58*v. Let f be j(-5). Suppose -f = -5*o + c, 4*o + 6*c - 203 = c. Calculate the remainder when o is divided by 30.
27
Let t(y) = -y**2 + 11*y + 16. Let k be t(12). Suppose k*w = x + 70 - 2, -51 = -3*w + x. Let b = 105 + -40. Calculate the remainder when b is divided by w.
14
Let u be 4 - 1 - (6 + -5). Let n be 3/(-4)*160/(-30). Suppose 3*k - 4 = u, 0 = t + n*k - 22. What is the remainder when 27 is divided by t?
13
Let a(s) = -s**2 + 9*s + 10. Let k be a(10). Suppose -16 = -4*h - k. Suppose -h*q + 51 = -49. Calculate the remainder when 147 is divided by q.
22
Suppose 4*z + 114 = 426. Calculate the remainder when z is divided by 41.
37
Suppose -382 = -13*i + 1022. Calculate the remainder when 2050 is divided by i.
106
Suppose 0 = 98*z - 5274 - 18. What is the remainder when 127 is divided by z?
19
Suppose 0 = w + 3*w - 2428. What is the remainder when w is divided by 47?
43
Suppose 59*d = 32*d + 14526. What is the remainder when d is divided by 20?
18
Suppose -52 = -4*n + 8. Suppose -x + 4*x = -168. Let t = 3 - x. Calculate the remainder when t is divided by n.
14
Suppose -2*u = 3*w - 99, 4*w + 44 = -3*u + 4*u. Calculate the remainder when 719 is divided by u.
47
Let p(i) = 10*i**3 + 6*i - 7. What is the remainder when 1954 is divided by p(2)?
84
Suppose 3*o - 166 = 3*s + 89, 4*s + 256 = 3*o. What is the remainder when o is divided by 29?
26
Let o(c) be the second derivative of -c**4/12 + c**3 - c**2/2 + c + 42. Let p be 22/6 + 2/(-3). What is the remainder when 30 is divided by o(p)?
6
Let o(i) = -i + 16. Let x be (4/14)/((-2)/(-14)). Let w be x/(-8) - 75/(-12). Calculate the remainder when 47 is divided by o(w).
7
Let z be ((-5)/15)/((-1)/3). Suppose -9 - z = -2*c. Calculate the remainder when 22 is divided by c.
2
Let l(s) = -7*s**3 - 6*s**2 - 8*s + 4. Let w(h) = 6*h**3 + 6*h**2 + 7*h - 4. Let m(v) = -3*l(v) - 4*w(v). What is the remainder when m(-3) is divided by 9?
7
Let n(l) = -l**3 - 16*l**2 + 13*l + 25. Calculate the remainder when n(-17) is divided by 33.
27
Let k(a) = -a**3 - 7*a**2 - 6*a - 10. Suppose 0 = -y - 2*w - 26, 0 = y + w - 5*w + 50. Let o = y + 27. Calculate the remainder when k(o) is divided by 11.
10
Suppose 4*n + 25 = -n. Let k(v) = v**3 + 5*v**2 - v + 2. What is the remainder when 17 is divided by k(n)?
3
Let t(k) = -k - 12. Suppose 2*x = 5*j - 33, j = -0*j - 1. Calculate the remainder when 10 is divided by t(x).
3
Suppose b + 16 = v + 4*b, 20 = 4*v + b. Let r(t) = -2 - 4*t + 12*t - 6*t. Calculate the remainder when r(v) is divided by 3.
0
Suppose 4*l + 2 = 2*d, -10 = -4*l - l. Let o(c) = 4*c - 1. What is the remainder when 148/(-6)*(-7 + 4) is divided by o(d)?
17
Let s = -31 + 31. Suppose y - 2*w + w + 79 = s, 3*y = w - 233. Let a = 131 + y. Calculate the remainder when a is divided by 14.
12
Suppose 2*q + 0*q = 66. Let r = q + -54. Let x = 44 + r. What is the remainder when x is divided by 6?
5
Suppose -b - 155 = 4*b. Let a = b + 50. Calculate the remainder when (-1 + 7)/(2/a) is divided by 20.
17
Suppose 5*d + h - 28 = 2*d, 5*h = -25. Calculate the remainder when 2/4 + 101/2 is divided by d.
7
Let s be 6 - (-8)/(-4) - -17. What is the remainder when 582/s + 4/14 is divided by 10?
8
Suppose -4*b = 0, 2*q - 4*b + 70 = -2*b. Suppose 5*l + 95 = d, 0 = 3*l + d - 24 + 89. Let j = l - q. What is the remainder when 28 is divided by j?
13
Suppose -8*b + 13*b = -4*o + 17, 2*o - 2*b - 4 = 0. Calculate the remainder when 62 is divided by o.
2
Let n = 11 - -26. Suppose d - n = -0*d. Let g(q) = q**2 - 5*q + 16. Calculate the remainder when d is divided by g(3).
7
Suppose 57 = 2*c + d, 4*d - 2*d = c - 31. Let t = -11 - -13. Suppose -3*s = -t*s - 114. What is the remainder when s is divided by c?
27
Suppose -z + 18 = 8*z. Suppose 2*b - 3*b + 20 = -5*c, z = -c. What is the remainder when 35 is divided by b?
5
Suppose -24*q - 1168 = -11680. What is the remainder when q is divided by 91?
74
Suppose 3*d + 172 = 196. Let l = 36 - -2. What is the remainder when l is divided by d?
6
Suppose 3*u - 4*u + 85 = -5*q, -5*q - 155 = -2*u. What is the remainder when u is divided by 51?
19
Suppose 0 = 13*c - 14*c - 2*l + 55, 4*c - 172 = 4*l. Calculate the remainder when c is divided by 37.
10
Suppose 2*d = 8*w - 6*w - 2, 5*w - 4*d = 7. Suppose 5*m - 3*q - 186 = 0, -4*q = w*m - 2*q - 104. What is the remainder when 71 is divided by m?
35
Let u = 511 - 357. Suppose -15*d = -8*d - u. Calculate the remainder when 107 is divided by d.
19
Let f = -79 - -133. What is the remainder when f is divided by 10?
4
Let f(l) = -l**3 - 5*l**2 + 6*l - 30. Let c(x) = x**3 - 11*x**2 + 15*x - 12. Calculate the remainder when c(10) is divided by f(-7).
12
Let c(h) = h**3 + 8*h**2 + 10*h - 10. Let i = 63 + -20. Calculate the remainder when i is divided by c(-5).
13
Let o(g) = 381*g + 45. Calculate the remainder when o(1) is divided by 27.
21
Let d(a) = a**2 + 3*a - 70. Calculate the remainder when d(-13) is divided by 23.
14
Let t(h) = -h**3 + 15*h**2 - 13*h - 18. Let w be t(14). What is the remainder when 2 + w - 72/(-2) is divided by 6?
4
Suppose 0 = -2*d + 46*v - 42*v + 166, d - 98 = 5*v. Calculate the remainder when d is divided by 30.
13
Let i(j) = -j**3 + 13*j**2 - 20*j + 34. Let b be i(12). What is the remainder when 17 is divided by b/(-6) + 8/(3 - 27)?
7
Suppose 0 = -4*h + 2 + 14. Suppose -4*d = -4*q + 3*q + 20, -32 = -4*q + h*d. Calculate the remainder when 7/(((-8)/(-2))/q) is divided by 5.
2
Suppose -17*u + 728 = 9*u. What is the remainder when 70 is divided by u?
14
Suppose 4*g - 14 = -3*g. Suppose g*q - 5 = 23. What is the remainder when q is divided by 3?
2
Suppose 82*v + 224 = 89*v. Let j(d) = d**3 + 7*d**2 - 5*d + 5. What is the remainder when j(-6) is divided by v?
7
Let j = -40 - -78. Suppose 4*r = 16, 0 = 11*a - 16*a + 4*r - 166. Let x = a + j. Calculate the remainder when 21 is divided by x.
5
Suppose 4*h - 176 = -m, 5*m - 805 = -9*h + 14*h. What is the remainder when m is divided by 6?
2
Let h = 108 + 67. Calculate the remainder when h is divided by 60.
55
Let u be 2/2 - (-40 - -19). Let w = u - -63. What is the remainder when w is divided by 11?
8
Suppose -k = -4*k - 4*c - 14, -c - 1 = 2*k. Calculate the remainder when 112 is divided by k*((-38)/(-4) - -2).
20
Let d be -3*(-1)/3 - 4. What is the remainder when 24 is divided by (-4 - -4)/(-2) - d?
0
Let j = -6691 + 6693. Suppose 4*f + 12 = 0, -16 = -4*m + 5*f + 7. What is the remainder when j is divided by m?
0
Let f = -263 + 506. What is the remainder when f is divided by 41?
38
Let n = -45 + -129. What is the remainder when 57/1 - (-4 - -3) is divided by n/(-9) + (-4)/(-6)?
18
What is the remainder when 17 is divided by (-229 + 9)/(-11) - 12/2?
3
Suppose 0 = -2*q + 13 + 11. Let x(h) = -h**3 - 5*h**2 - 3*h - 8. Calculate the remainder when x(-6) is divided by q.
10
Suppose 0 = 5*z + 5*t - 155, 5*z - 107 = 3*t + 72. Calculate the remainder when z is divided by 252/56*(-1 - -3).
7
Let g(k) = 10*k**2 + 3*k + 14. What is the remainder when g(-3) is divided by 7?
4
Suppose -5*b - 25 = 0, 4*b + 2202 = 3*f + b. What is the remainder when f is divided by 12?
9
Let h = -197 + 216. Calculate the remainder when h is divided by 1.
0
Suppose -5*r - 15 = -m - 0*r, -5*r - 60 = -4*m. Calculate the remainder when 13 is divided by (-2 - 21/(-